be s(-4). Let l(w) = 585*w + 2. Is l(n) prime?
True
Let s(l) = 4994*l + 1299. Is s(10) a composite number?
False
Let b(d) = -d**2 + 15*d - 32. Let s be b(12). Suppose 2*c + 5*z - 557 = 2409, -3*c - 4*z = -4449. Suppose o - 3*o - 5*m + c = 0, s*m + 12 = 0. Is o composite?
True
Let a(u) = -130 - 469*u + 66 + 46. Is a(-7) a prime number?
False
Suppose -4*b + 0 - 4 = 0, 4*f = -3*b + 3093. Let j = -397 + f. Is j prime?
False
Let m(j) = 3*j**3 - 6*j**2 + j. Suppose -2*a + 3*p + 13 = -14, 8 = 3*a + 2*p. Let w be m(a). Suppose 0 = 7*s - 227 - w. Is s prime?
False
Let i(c) = -c**3 + c**2 - 3*c + 6761. Is i(0) prime?
True
Let u be 8*1/2 - -2. Let g(b) = 8*b - 9. Is g(u) a prime number?
False
Is (-3 - -3484 - -5) + 1 a prime number?
False
Suppose 5*f + 6421 = -4*p, -5*f + 4449 + 3521 = -5*p. Let s = p - -2536. Is s prime?
True
Suppose 127364 + 5659 = 33*t. Is t a prime number?
False
Let p = 6695 - -1448. Is p a composite number?
True
Let d = 326 + -1406. Let k = 19 - d. Is k prime?
False
Suppose -5*j + 0 = -5. Let w = -7 + j. Is 68/(-4)*(w + 1) composite?
True
Let j(k) = 6*k**2 - 14*k - 7. Let f be j(19). Suppose 3303 + f = 6*g. Is g composite?
True
Let r(s) = s**3 - 10*s**2 + 5. Let f be r(10). Suppose 5*w = -f*i + 460, -523 = -4*i - 3*w - 158. Is i prime?
True
Let l(j) = 495*j - 11. Suppose -9 - 17 = -13*d. Is l(d) a prime number?
False
Suppose -65*d + 70*d = 30. Let g(z) = 81*z + 13. Is g(d) composite?
False
Let g(w) = -w**2 + 5*w + 3. Let q be g(5). Suppose 50 = -v + q*y + 222, -4*v - 3*y = -613. Is v composite?
False
Let i = -10289 - -15546. Is i composite?
True
Suppose -232 - 1844 = -3*y. Let l = -195 + y. Is l prime?
False
Let g be ((-129)/6)/((-845)/(-170) - 5). Let v = 1212 - g. Is v a prime number?
False
Let f = 117 - -30. Suppose 4*m - 3*m = -56. Let w = m + f. Is w a composite number?
True
Let y(v) = 2*v + 1. Let a be y(-2). Let w = a + 47. Let h = 229 - w. Is h a composite number?
True
Let l be (0 - -2)/(8/(-5572)). Let i = l - -2072. Is i a prime number?
False
Suppose -4*l = -9*l + 300. Is 1265/4 + l/80 prime?
True
Let j be 6/4*(-18)/3. Let t = j + 6. Let l(u) = -u**3 + 3*u**2 - 3*u - 5. Is l(t) prime?
False
Let z = 81175 - 46554. Is z prime?
False
Let h(z) be the third derivative of z**4/24 - 5*z**3/6 - 2*z**2. Let v be h(10). Suppose -v*l + 6*l - 59 = -3*p, -l + 61 = 2*p. Is l composite?
True
Let r be 6284/16 + (-6)/8. Let g = r + -61. Is g prime?
True
Let f = -6225 - -2707. Is ((-6)/12)/(1/f) composite?
False
Let w(k) = 3*k - 1. Let d be (-16)/12*-3 + -3. Let b be w(d). Suppose -4*z + 402 = -5*l, 199 = b*z - l - 5. Is z prime?
True
Let i(b) = -3*b - 3. Let v(a) = 4*a + 2. Let d(u) = 3*i(u) + 2*v(u). Let s be d(-11). Let t(w) = 7*w**2 - 8*w + 7. Is t(s) composite?
False
Suppose -157*s + 162*s = 13495. Is s a prime number?
True
Suppose i = -c, -4*c + 1 = 5*i + 4. Is 7788/20 + ((-6)/(-5))/i a composite number?
False
Let g(y) = y**3 - y**2 - 1. Let v(s) = s**3 + 9*s**2 - 9*s - 8. Let i(n) = 2*g(n) - v(n). Let c be i(10). Is ((-226)/c)/((-1)/(-2)) prime?
True
Suppose -y + 1 + 4 = 0. Suppose y*v - v = 0. Suppose 2*k = v, 7*k - 177 = -3*r + 2*k. Is r composite?
False
Let t = -539 - -966. Suppose 2*z - 4*z + 2*i = -298, 3*z + 2*i - t = 0. Is z composite?
True
Suppose -60181 = -366*t + 355*t. Is t a composite number?
False
Suppose 4*v + 44*l - 39*l = 13961, -l = -1. Is v composite?
True
Suppose 0 = -3*x - o + 8804, 4*x - 4*o - 11741 = -3*o. Is x a prime number?
False
Suppose 5*c - 5*b - 39600 = 0, -9*c = -6*c + 3*b - 23754. Is c prime?
True
Let w(k) = -128*k - 21. Is w(-10) a prime number?
True
Is (-106)/(-159)*1359/2 prime?
False
Suppose -2*n + 12 = 4. Let x be ((-6)/(-21))/(n/28). Suppose -38 = -4*i - x*y, 2*i - 6 = 2*y + 16. Is i prime?
False
Suppose -3*o + 1586 = -6139. Suppose o = 10*t - 55. Is t a prime number?
True
Let z = 345 + 697. Let a = z + -543. Is a a composite number?
False
Suppose -8*o + 9117 = -21451. Is o composite?
False
Is ((-44034)/(-9))/(20/30) composite?
True
Let w = 1096 - -285. Is w composite?
False
Suppose 351*c - 3*q = 346*c + 188902, 2*q - 37783 = -c. Is c a prime number?
True
Suppose -2*a = -2*l + 55160, 4*l = -l + 2*a + 137903. Is l composite?
False
Let y = 3816 + -1675. Suppose y - 13665 = -4*a. Is a a composite number?
True
Is -62*(-9)/(-3)*(-5)/6 a composite number?
True
Suppose -6*o + 3*c - 7 = -4*o, -4*c + 35 = -5*o. Let t = -12 - o. Is (-1)/(-2)*(253 - t) a prime number?
True
Let p(t) = -104*t + 37. Let s(y) = 206*y - 74. Let w(r) = 5*p(r) + 3*s(r). Is w(27) a prime number?
True
Let w(u) = u + 1. Let x(y) = -25*y + 18. Let k(j) = -3*w(j) + x(j). Is k(-14) a composite number?
True
Suppose 6*z - 20 = 70. Let d = -14 + z. Is d*1*(3 - -160) a composite number?
False
Suppose -16*y + 952 = -18*y. Is (-4)/((-12)/9) - y a prime number?
True
Let i(y) = -57*y - 197*y - 2 - 1 + 6. Is i(-1) a composite number?
False
Suppose 5*p - 58 = 5*d - 18, 4*d = 5*p - 37. Let o be 1/(-1)*-1 - -211. Suppose -p*f + o = -f. Is f prime?
True
Let t = 30 + -25. Suppose -3*j + t = -2*j. Suppose -6*o = -j*o - 145. Is o a prime number?
False
Suppose 40 = -0*s + 5*s + 5*p, 6 = -2*p. Suppose -s*x = -12*x + 565. Is x composite?
True
Suppose 47*u + 4*u - 343179 = 0. Is u a prime number?
False
Suppose 5*n - 981 - 3464 = 0. Suppose f - n = 193. Is f a composite number?
True
Suppose -52*l - 4*n - 19974 = -57*l, 0 = -l - 2*n + 3992. Is l a prime number?
False
Suppose 10509 = 3*c - 2*y, 3*y = -5*c + 16189 + 1345. Is c a prime number?
False
Suppose 0 = 5*h, -3*h = f - h - 30. Let i = 100 - f. Suppose 0 = -3*u - 4*u + i. Is u prime?
False
Let w(u) = 294*u**2 - 11*u + 14. Is w(5) a prime number?
True
Suppose -13*x = -77 - 14. Let f(j) = 3*j**2 + j**3 + 1 - 5*j**2 + 13*j - 4*j**2. Is f(x) prime?
False
Suppose -729 = 5*g - 2954. Let z = g + 76. Is z composite?
False
Let a = 33 + -61. Let d = a - -65. Is d a composite number?
False
Let c(y) = -5*y**2 - 4*y**3 - 9*y**3 + 3 + 14*y**3 - 3*y + 4. Is c(6) composite?
True
Suppose 2985 = -8*u + 11*u. Let w = 419 - -799. Suppose -4*v + w = -5*h, 0 = 5*v + 4*h - 548 - u. Is v a prime number?
True
Suppose 51*n = 42*n + 3177. Is n a composite number?
False
Let c = -638 + 284. Let v = -131 - c. Is v a composite number?
False
Suppose s - r = 4*s + 424, -4*s + r - 570 = 0. Let h = 269 + s. Is h prime?
True
Let w = 242 - 516. Let k = w - -495. Is k a composite number?
True
Suppose 5*s + 3 = -4*b, 2*s = -2*b + 4*s + 12. Suppose 4*l - b*a = -84 + 1135, -3*a = -l + 274. Is l composite?
True
Suppose -4 = -8*q + 36. Suppose -q*j + 10*j = 4710. Suppose -2*d + j = 4*d. Is d composite?
False
Let g = -10 - -4. Let j be (13 + -1)*(-15)/g. Let x = j + -9. Is x composite?
True
Let t(x) = 0*x**2 + 6168*x**3 - 2*x + x**2 - 612*x**3. Let y be t(1). Suppose -5555 = u - 6*u - 2*n, 0 = 5*u - 3*n - y. Is u a composite number?
True
Let p(h) = h**3 + 6*h**2 + 5*h + 2. Let a(d) = d**2 - 11*d - 5. Let f be a(11). Let r be p(f). Suppose r*k = k + 23. Is k a composite number?
False
Suppose 5*c = 3*i + 10659, c = 3*c + 4*i - 4248. Suppose -1452 = -9*l + c. Is l prime?
False
Let c(n) = n**2 + 8*n - 11. Let o be c(-10). Suppose 23 = -4*s - o. Let t = 51 + s. Is t composite?
False
Let d be ((-9)/(-2))/((-24)/(-64)). Suppose -3*o + d = -o. Suppose -z = y - o*y - 116, 3*z - 288 = 3*y. Is z prime?
False
Let n(f) = 2*f - 6. Suppose 3*q = 1 + 17. Let h be n(q). Is (1 - -1)*111/h a prime number?
True
Suppose -5*s = -0*s + 85. Let f = s - -7. Let t(v) = 2*v**2 + 10*v - 9. Is t(f) a prime number?
False
Suppose 8*z - 17130 - 23278 = 0. Is z a composite number?
False
Suppose -5*z + 20 = 0, 3645 = m + 3*z - 961. Is m a prime number?
False
Let h(r) = r**2 - 18*r + 3. Let q be h(18). Suppose -w + 4*t - 14 = -101, q*w + 5*t - 278 = 0. Is w composite?
True
Let d = 13 - 13. Suppose d = -3*p + 19246 - 1735. Is p composite?
True
Suppose 6*n + 138 = 4*n. Suppose -9 - 119 = 4*g. Let o = g - n. Is o prime?
True
Let k be 64/6 - 12/(-36). Suppose 4*b - l = 3, 3*l - k = -3*b + 10. Suppose b*d = -2*s + 1710, 0 = 3*s + 5*d - 1442 - 1127. Is s a composite number?
False
Is (-7 - 10152/(-30))/(2/10) composite?
False
Suppose 0 = 6*s - s. Suppose s = 13*t - 35179 - 23464. Is t prime?
False
Suppose 10*l + 150 = -0*l. Is (-8)/(-20) + (-18099)/l a prime number?
False
Let p = 9037